9
Calculate the remainder when 16078662 is divided by 2208.
6
What is the remainder when 63204778 is divided by 26?
0
What is the remainder when 2561727 is divided by 365961?
0
What is the remainder when 78680 is divided by 158?
154
Calculate the remainder when 221701625 is divided by 5953.
5952
What is the remainder when 17772741 is divided by 3685?
3671
Calculate the remainder when 805625 is divided by 115076.
93
Calculate the remainder when 11964664 is divided by 11.
8
What is the remainder when 193274 is divided by 94835?
3604
Calculate the remainder when 1152695 is divided by 3493.
5
Calculate the remainder when 148538 is divided by 2480.
2218
Calculate the remainder when 766804 is divided by 2442.
16
What is the remainder when 48615679 is divided by 6509?
6467
What is the remainder when 519664 is divided by 960?
304
Calculate the remainder when 3655346 is divided by 730961.
541
Calculate the remainder when 381467 is divided by 1177.
119
What is the remainder when 15649735 is divided by 44?
35
What is the remainder when 40898775 is divided by 39?
21
What is the remainder when 2667622 is divided by 241?
234
Calculate the remainder when 6421590 is divided by 833.
826
Calculate the remainder when 14089354 is divided by 7044668.
18
Calculate the remainder when 260164 is divided by 532.
16
What is the remainder when 66354 is divided by 22051?
201
Calculate the remainder when 8218220 is divided by 1008.
1004
Calculate the remainder when 5808824 is divided by 574.
518
What is the remainder when 778885 is divided by 1294?
1191
Calculate the remainder when 293297939 is divided by 3060.
3059
What is the remainder when 257694 is divided by 257683?
11
Calculate the remainder when 816904461 is divided by 13.
9
What is the remainder when 457756 is divided by 3156?
136
What is the remainder when 771603 is divided by 6?
3
Calculate the remainder when 1783477 is divided by 2778.
1
Calculate the remainder when 8166491 is divided by 13.
8
What is the remainder when 12308 is divided by 4479?
3350
Calculate the remainder when 1655218 is divided by 43.
19
What is the remainder when 138761 is divided by 28?
21
What is the remainder when 197335760 is divided by 15?
5
What is the remainder when 988452 is divided by 161?
73
Calculate the remainder when 200061 is divided by 191794.
8267
Calculate the remainder when 1018959 is divided by 2633.
2621
What is the remainder when 4654458 is divided by 38?
28
What is the remainder when 772386 is divided by 213?
48
Calculate the remainder when 419573 is divided by 279.
236
Calculate the remainder when 3187892 is divided by 232.
212
What is the remainder when 370133 is divided by 841?
93
Calculate the remainder when 24769835 is divided by 252.
251
Calculate the remainder when 4310855 is divided by 391893.
32
What is the remainder when 28824 is divided by 217?
180
What is the remainder when 1512458 is divided by 11816?
10
Calculate the remainder when 2124965 is divided by 73.
8
What is the remainder when 78003 is divided by 77983?
20
What is the remainder when 613027 is divided by 612895?
132
Calculate the remainder when 69585 is divided by 713.
424
Calculate the remainder when 2039036 is divided by 720.
716
Calculate the remainder when 28592711 is divided by 8855.
8771
Calculate the remainder when 31552 is divided by 1142.
718
Calculate the remainder when 2861200 is divided by 623.
384
What is the remainder when 400266 is divided by 2273?
218
Calculate the remainder when 8781236 is divided by 6871.
98
Calculate the remainder when 4454095 is divided by 742334.
91
Calculate the remainder when 97626524 is divided by 1103.
1097
Calculate the remainder when 112583 is divided by 112569.
14
What is the remainder when 6983172 is divided by 239?
70
Calculate the remainder when 661937 is divided by 12978.
59
What is the remainder when 865992 is divided by 57706?
402
Calculate the remainder when 4472354 is divided by 422.
420
Calculate the remainder when 600563 is divided by 1.
0
Calculate the remainder when 26553 is divided by 22380.
4173
Calculate the remainder when 87281370 is divided by 74.
72
Calculate the remainder when 344449 is divided by 16249.
3220
Calculate the remainder when 419327 is divided by 1180.
427
What is the remainder when 1101273 is divided by 550537?
199
What is the remainder when 1257797 is divided by 4935?
4307
What is the remainder when 37795816 is divided by 513?
28
What is the remainder when 360244 is divided by 14?
10
What is the remainder when 75018020 is divided by 1768?
12
What is the remainder when 57090475 is divided by 1268676?
55
Calculate the remainder when 47422409 is divided by 1108.
9
Calculate the remainder when 40646860 is divided by 71.
70
Calculate the remainder when 5599600 is divided by 3743.
72
What is the remainder when 239371 is divided by 199?
173
What is the remainder when 70362 is divided by 118?
34
Calculate the remainder when 66332776 is divided by 11055461.
10
What is the remainder when 547481 is divided by 1828?
909
Calculate the remainder when 306531 is divided by 2889.
297
Calculate the remainder when 1008319 is divided by 2164.
2059
What is the remainder when 88621 is divided by 87497?
1124
What is the remainder when 7223582 is divided by 7223582?
0
Calculate the remainder when 26729282 is divided by 243.
11
What is the remainder when 500185 is divided by 109?
93
What is the remainder when 74498942 is divided by 74498931?
11
Calculate the remainder when 722698 is divided by 3145.
2493
What is the remainder when 2155275 is divided by 2154903?
372
What is the remainder when 8675038 is divided by 4337471?
96
Calculate the remainder when 677420 is divided by 677411.
9
What is the remainder when 4933045 is divided by 691?
687
Calculate the remainder when 2730549 is divided by 1713.
27
What is the remainder when 285561571 is divided by 142?
139
Calculate the remainder when 6244717 is divided by 1040778.
49
What is the remainder when 231684707 is divided by 5012?
5007
Calculate the remainder when 86512 is divided by 9545.
607
What is the remainder when 29385847 is divided by 34?
21
Calculate the remainder when 84915483 is divided by 28305158.
9
Calculate the remainder when 4777069 is divided by 14050.
69
What is the remainder when 28009832 is divided by 16247?
4
What is the remainder when 19668 is divided by 1607?
384
Calculate the remainder when 943775 is divided by 7260.
7235
Calculate the remainder when 472939 is divided by 352.
203
What is the remainder when 43250977 is divided by 8650195?
2
Calculate the remainder when 2669817 is divided by 242709.
18
What is the remainder when 3186649 is divided by 3749?
3748
Calculate the remainder when 18439360 is divided by 347912.
24
Calculate the remainder when 58939 is divided by 868.
783
What is the remainder when 225184318 is divided by 686?
16
Calculate the remainder when 2374889 is divided by 393.
383
Calculate the remainder when 46029918 is divided by 18.
12
What is the remainder when 9823361 is divided by 4569?
11
What is the remainder when 92844 is divided by 2806?
246
What is the remainder when 40219 is divided by 10050?
19
What is the remainder when 21075055 is divided by 24280?
15
What is the remainder when 1371622 is divided by 451?
131
Calculate the remainder when 21130546 is divided by 7917.
73
Calculate the remainder when 2074550 is divided by 482.
22
Calculate the remainder when 18522214 is divided by 95970.
4
What is the remainder when 3428215 is divided by 60?
55
Calculate the remainder when 10093776 is divided by 1139.
1097
What is the remainder when 4355422 is divided by 68?
22
What is the remainder when 1056954974 is divided by 8?
6
What is the remainder when 45131 is divided by 45114?
17
What is the remainder when 8991 is divided by 2492?
1515
Calculate the remainder when 5971636 is divided by 8980.
8916
What is the remainder when 1242944 is divided by 33?
32
What is the remainder when 2219518 is divided by 1301?
12
What is the remainder when 93699517 is divided by 20?
17
Calculate the remainder when 3835059 is divided by 53.
32
Calculate the remainder when 20738646 is divided by 18353.
18109
What is the remainder when 648860 is divided by 4186?
30
What is the remainder when 31432 is divided by 1040?
232
What is 